5*y = -6*y + 3*k + 15. What is x(y)?
13
Let t(y) be the first derivative of -y**3/3 + 3*y**2/2 - 183. Suppose 0*p + 6*p = 12. Suppose -5*q + p*q = -12. What is t(q)?
-4
Let w(h) be the second derivative of -h**3 + 5*h**2/2 + 16*h. Suppose 9*p = 11*p - 26. Suppose 11 + p = 6*b. Give w(b).
-19
Let t(b) = -14*b - 499. Let r be t(-36). Let a(k) = k**3 - 12*k**2 + k - 10. Let o be a(12). Let x(p) = o*p**3 - 30*p**2 + 3*p - p**3 + 24*p**2. Determine x(r).
-10
Suppose 2*q + 2*s - 22 = 0, 4*q - 40 = -4*s + s. Let z(j) be the first derivative of -1/3*j**3 - 57 + 6*j + 4*j**2. Give z(q).
13
Let v be 10/20 - 165/(-6). Suppose 17 = 9*m - v. Let a(i) = i + 2. Calculate a(m).
7
Let l(q) be the third derivative of q**7/840 - 7*q**6/360 - q**4/24 - 53*q**3/6 - 72*q**2. Let a(u) be the first derivative of l(u). Determine a(7).
-1
Suppose -4 = -2*q + 2. Let n(f) be the first derivative of -27*f**2 - 20*f**2 - 21 + 48*f**2 + 2*f**q - 2*f. Determine n(-2).
18
Let a(w) = -1274769 - w**2 + 1274767 + 4*w - 14*w. Give a(-3).
19
Let y(s) = -2*s**2 + 19*s - 5. Let h be (-18)/1*((-21)/9 - -2). Let j(d) = -1 + 9*d + 5*d**2 + 0*d**2 - 1 - h*d**2. Let x(c) = 7*j(c) - 3*y(c). What is x(5)?
6
Let k(w) be the third derivative of 2 - 1/24*w**4 + 8*w**2 + 0*w - 11/6*w**3. Calculate k(-10).
-1
Let l(x) = x**3 + 8*x**2 + 7*x + 8. Let r(p) = -18*p - 1 + 37*p - 6 + 26*p + 3*p**2. Let f be r(-15). Calculate l(f).
8
Let m(w) = 4*w. Let l(n) = -3*n**2 + 19*n - 11. Let g(s) = l(s) - 4*m(s). Let z(y) = -17*y**2 + 17*y - 54. Let v(b) = -11*g(b) + 2*z(b). Determine v(-4).
-7
Let k be (1 - (2 - 4))/1. Let w(y) = -k*y + 296*y**2 + 4*y + y**3 + 9 - 288*y**2. What is w(-8)?
1
Let u = 392 + -390. Let n(q) = u*q + 3*q - 85 + 91. Give n(6).
36
Let d(x) be the third derivative of 5*x**4/24 - 32*x**3 + 1244*x**2. Calculate d(40).
8
Let f(h) = 3*h - 4*h + h + 560 - 4*h - 570. Determine f(8).
-42
Let i(c) = -c**3 + c**2 - 12. Let f(s) = 7*s**3 - 12*s**2 + 6*s + 60. Let q(o) = -f(o) - 6*i(o). Give q(5).
7
Let y = -53 - -58. Let r = -3 + y. Let t(b) = 3*b**2 - b**2 + 1 - 2*b + 3*b**r. Determine t(2).
17
Let h(s) be the first derivative of 13*s**2/2 - 7*s - 4771. What is h(-4)?
-59
Let g(f) be the second derivative of 10*f**3/3 - 67*f**2/2 - 67*f - 8. Give g(3).
-7
Let z(x) = 10*x - 1 + 9 + 5 - 1 + x**2. Let p = 3 - 6. Let s be 3 + p - (7 + 1). What is z(s)?
-4
Suppose 3*u + 3*x = 6, -2*x + 8 = 5*u + 2*x. Let p(k) = 52*k + 2. Let v(t) = 37*t. Let b(j) = -5*p(j) + 7*v(j). What is b(u)?
-10
Let c(p) = -9*p**3 + 59*p**2 + 5*p - 2. Let w(f) = -8*f**3 + 48*f**2 + 5*f - 1. Let i(l) = -4*c(l) + 5*w(l). Determine i(3).
-54
Let r(l) be the third derivative of l**5/60 - l**4/24 + 2*l**3/3 - 22*l**2 - 2*l. Suppose -403*h = -392*h. Determine r(h).
4
Let c(k) = -9*k**3 - 39*k**2 - 42*k - 168. Let f(y) = -11*y**3 - 40*y**2 - 44*y - 178. Let s(d) = -6*c(d) + 5*f(d). Calculate s(35).
13
Let b(i) = i**2 + 2*i. Suppose 0 = t + 3*r + 6, -r = 9*t - 6*t - 6. Suppose -t*g - 9*p - 21 = -4*p, -5*g - 3*p = 19. Calculate b(g).
0
Let d be (2 + 0)*(-77)/(-14). Suppose d*w - 6*w = 0. Let k(t) = 4*t**2 + 5*t - 3. Let a(z) = 9*z**2 + 12*z - 6. Let m(v) = -3*a(v) + 7*k(v). What is m(w)?
-3
Let k(c) = c**3 - 4*c**2 + c - 15. Let y be k(5). Suppose 0 = 17*r + y*r. Let m(s) = -s**2 - 1. Calculate m(r).
-1
Let t(k) = -k**3 + 4*k**2 + 5*k - 1. Let c(b) = 12*b - 10. Let v be c(-9). Let z = -102 - v. Suppose w = -z + 21. Calculate t(w).
-1
Let m(y) be the first derivative of -y**4/4 - 10*y**3/3 + 307. Let k(s) = -20*s + 3. Let n be k(-2). Suppose 17 = -6*q - n. What is m(q)?
0
Let w(f) be the second derivative of -f**3/6 + 23*f**2/2 + 1923*f. Determine w(15).
8
Let o(i) = -12 - i + 12. Let l(w) = w**2 - 4*w - 4. Let f(a) = -l(a) + 4*o(a). Let d = 371 + -374. Calculate f(d).
-5
Let b = -18 - -7. Let o(j) be the second derivative of j**5/20 + 11*j**4/12 + j**3/6 - 13*j**2/2 - j - 5718. Give o(b).
-24
Let s(d) = d + 31. Let r = 807 + -711. Suppose -106*g + r*g = 0. Give s(g).
31
Suppose -8 = -4*v, 0*k = 3*k + v - 11. Let m(y) = -y**k - 268 - 6*y - 266 + 7*y**2 + 538. Suppose 0 = -2*j + 16 - 4. What is m(j)?
4
Let l(d) be the first derivative of -d**5/20 - 7*d**4/12 - 5*d**3/6 + d**2 + 230*d + 71. Let f(a) be the first derivative of l(a). What is f(-6)?
-4
Let g(l) = -15*l + 299. Suppose 265*h = 253*h + 128 + 100. Determine g(h).
14
Suppose -3*n - 2*d - 10 = -4*d, 0 = -4*n - 4*d + 20. Suppose -c + 2 + 0 = n. Let s(x) = 5*x**c + x**3 - 6*x + 16 + x - 20 - x**2. Determine s(-4).
16
Let t(o) = -2*o**2 - 179*o - 1932. Let j be t(-77). Let v(u) = 4*u + 83. Let h(s) = s + 28. Let z(q) = -8*h(q) + 3*v(q). Calculate z(j).
-3
Let j = 1422 + -1424. Let r(a) = 13*a + 2. What is r(j)?
-24
Let g(t) = -t**2 - t + 2. Let v(l) be the first derivative of -l**3/3 - 27*l**2/2 - 75*l + 2. Let i be v(-24). What is g(i)?
-4
Let q(h) be the first derivative of -8*h + 0*h**2 - 7/3*h**3 - 91 - 1/4*h**4. Calculate q(-7).
-8
Let o(x) = -12*x + 3. Suppose -613*w - 2*y - 9 = -618*w, 12 = 5*w - y. Determine o(w).
-33
Let f = -8344 - -8304. Let b(m) = -5*m - 192. Give b(f).
8
Let k be (3 + -5)*((-15)/(-3))/(-10). Let n(q) = -7 + 17 + k + q. Determine n(-10).
1
Suppose 3*t = -2*t + 190. Suppose -138 = 15*f - t*f. Let s(y) = 1. Let v(u) = 3*u - 9. Let h(n) = 4*s(n) + v(n). Calculate h(f).
13
Let u(q) = q**3 - 5*q**2 - 4*q - 4. Suppose -21*y = -22*y - 5. Let s(h) = h + 5. Let n be s(y). Let v(i) = i**3 + i**2 + 6. Let g be v(n). What is u(g)?
8
Let n be (-2)/(-1) - (1 - 5). Let h(k) = -12*k + 74*k - 63*k - 2 + 8. Give h(n).
0
Let a(o) be the third derivative of 5/12*o**4 - 2*o**2 - 7/6*o**3 + 28 - 1/60*o**5 + 0*o. Determine a(6).
17
Let d(p) = 75*p**2 + 12*p - 76*p**2 - 9*p + 2*p**3 - 3*p**3. Give d(0).
0
Suppose -8*b + 9*b + 53 = 5*w, 49 = 5*w - 3*b. Let a(k) = 7*k + w - 7*k - k**2 - k - k. Calculate a(-4).
3
Let g = 495 + -194. Let w = -299 + g. Let o(v) = 2*v**2 + 2*v - 1. Determine o(w).
11
Let b(i) = -i**2 - 15*i - 44. Let o be 2/(-4)*(3 - -19). Let d be b(o). Suppose -12*u + 11*u + 5 = d. Let j(r) = -r**2 + 5*r + 7. Calculate j(u).
7
Let h(m) = -65*m + 27 + 237*m + 12 - 103*m - 68*m. Determine h(-23).
16
Let y(r) be the first derivative of r**5/60 - 5*r**4/24 + r**3/6 + 95*r**2 - 71. Let s(t) be the second derivative of y(t). Give s(6).
7
Let l(a) = 4*a**2 + 20*a - 8. Let u = 23395 - 23400. What is l(u)?
-8
Let g(d) = -d**3 - 13*d**2 + d + 4. Let s = 8584 - 8597. Calculate g(s).
-9
Let z(w) = -w**2 + 22*w + 1. Let b(v) = -3*v**2 + 36*v + 7. Let s(a) = -b(a) + 2*z(a). Determine s(-8).
-5
Let a(f) = 2*f + 3 - 5 - 1 + 7 - 2. Suppose 15 = 4*m - m. Suppose r - 5*r - 13 = 3*s, -5*r = -m*s - 10. Calculate a(s).
-4
Let l(d) = -d**2 - 5*d + 6. Let g be l(0). Let v(x) = 2 + 4*x**2 - 11 + 10*x - x**2 - 4*x**2. What is v(g)?
15
Let n(l) be the third derivative of l**5/60 + 11*l**4/24 + 5*l**3 + 2045*l**2. Calculate n(-8).
6
Let b(p) = 16 - p**2 - 76*p - 12*p**2 + 30 - 29. What is b(-6)?
5
Let h(o) = -o**3 + 3*o. Let y(x) = 7*x - 202. Let v be y(31). Suppose v*s - 30 = 5*s. Calculate h(s).
-18
Let g(o) = 24*o - 1454. Let c be g(61). Let i(v) = -v**3 + 11*v**2 - 9*v - 22. What is i(c)?
-12
Let r(z) be the third derivative of z**4/6 - 2*z**3/3 + 2*z**2. Suppose -154*b + 7 = k - 151*b, b = k + 9. What is r(k)?
-24
Let d(z) = -3*z - 2. Let l = 143 - 135. Let w(a) = a**2 - 5*a - 23. Let j be w(l). Give d(j).
-5
Let u = 7 + 0. Let i(h) be the third derivative of -h**4/8 + 4*h**3 + 14*h**2 - 4. Give i(u).
3
Let z(g) be the third derivative of g**6/40 + 59*g**5/60 + 5*g**4/3 + 35*g**3/6 + 763*g**2 + 3. Calculate z(-19).
-3
Let d(z) be the third derivative of -20*z**2 - 1/60*z**5 + 0*z + 1/3*z**4 + 1/2*z**3 + 0. Let r(f) = 2*f - 4. Let h be r(6). What is d(h)?
3
Let l = 54 - 39. Suppose 0 = -l*k + 21*k. Let m(x) = k*x + 6*x + 10 - x**2 - 11. Determine m(4).
7
Let u(c) = -c - 11. Let k be u(-13). Let q(n) be the second derivative of n**3/6 + 2*n**2 - 2*n - 300. Give q(k).
6
Let m(h) = -h**2 + 47*h - 94. Let k = -9905 - -9950. Calculate m(k).
-4
Suppose -2*u + 0*u = 5*f + 4, 5*u - 2*f = 48. Let d be (u - -2)/(-1) - -4. Let n(z) = z**3 - 8*z + 3 + 4*z**2 + 21*z**2 - 21*z**2. What is n(d)?
-21
Let o = 14239 + -14234. Let f(m) = -5 + 4*m + 4*m**2 - 3*m**3 + 2*m**3 + 5 + 3. What is f(o)?
-2
Let